)/18 + (-104)/18. Let s(d) be the second derivative of -29*d - 1/12*d**4 + 0 + 0*d**2 - d**3. Determine s(y).
0
Let p(u) = 0 - 153*u + 236*u - 84*u - 3. What is p(5)?
-8
Suppose 5*o + 0*t = -4*t + 22, 3*o - 3 = t. Let w(r) = 8*r + 0*r - 9*r - r**o - 5 + 8*r. Determine w(5).
5
Let k be (-1)/3 + (-15)/9. Let t be ((-4)/1 - k) + 10. Let x(s) = -5 + 5 + 2*s - 11 - s. Give x(t).
-3
Let c be 42/(-9) + (-2)/6. Suppose 4 = 5*y - 2*u, 5*y - 5*u = -1 - 4. Let t(m) = -2*m**2 + 3*m**2 - y*m**2 - 2*m + 7 + 0*m**2. What is t(c)?
-8
Let f = -7 - -4. Let p be -1*(f + 4) + 5. Suppose 4*x = 0, -3*u + 6*x - 12 = p*x. Let d(b) = 2*b + 4. Give d(u).
-4
Let y(u) = -u**2 + u + 2. Suppose -15 = -2*x - 3. Let m(z) = -1 + 3 + z**3 - 5*z - 3 - 2 - 5*z**2. Let k be m(x). What is y(k)?
-4
Let a(f) = -f**2 + 3*f - 4. Let k(s) = -3*s**2 + 5*s - 8. Let w be 40/(-24)*(-12)/10. Let x(g) = w*k(g) - 5*a(g). Give x(-5).
4
Let d(m) = 3*m**2 - 11*m - 9. Suppose 26*g + 8*g = 170. What is d(g)?
11
Let m(h) be the second derivative of -h**7/840 + h**6/360 + h**5/60 - h**4/24 - 13*h**3/3 - 34*h. Let c(w) be the second derivative of m(w). Calculate c(2).
-1
Let s(l) = l**3 - 3*l**2 + 2. Let g = -3 - -5. Let p be s(g). Let j(w) = -47*w + 1 + 0*w**2 - w**2 + 50*w. Give j(p).
-9
Let x(y) = -3*y**3 - 18*y**2 + y + 22. Let h(o) = -8*o**3 - 35*o**2 + 3*o + 42. Let d(c) = 2*h(c) - 5*x(c). Determine d(20).
-6
Let r be (-8)/(-6)*9/6. Let f(b) = 0*b - 2 + 5 - 6 - 2*b**r - 5*b. What is f(-4)?
-15
Let u(x) = -x**2 + x + 39. Suppose 9*i - 12 + 12 = 0. What is u(i)?
39
Let w(n) = n**2 - 4*n - 1. Suppose 81*i + 245 - 650 = 0. Determine w(i).
4
Let k(a) = 7*a**2 - 12*a + 14. Let n(x) = 3*x**2 - 7*x + 8. Let r(l) = 3*k(l) - 5*n(l). Give r(1).
7
Let g(p) be the third derivative of p**4/8 - p**3/2 - 9*p**2. Let m(q) = q. Let j = -1 + 2. Let u(l) = j*g(l) - 2*m(l). Give u(4).
1
Let m(t) = -22*t**2 + 23*t**2 - 3 - 4*t - t. Give m(7).
11
Suppose 4*f = 18 - 42. Let d be (-32)/12 - (-2)/f. Let a(p) = -3*p**2 - 3 - p**3 + p + 2*p + 2. Give a(d).
-10
Let m be ((-12)/(-10))/(24/80). Let t(u) = -m - 5*u + 3*u**2 + 8 - 4*u**2. Let b be t(-6). Let z(p) = p**2 + 4*p + 3. Calculate z(b).
-1
Let i(p) = -40 - 61 + 8*p + 100 + 7*p. Calculate i(-2).
-31
Let z(c) = c - 4. Let g(p) = -10*p + 17. Let y(h) = 2*g(h) + 9*z(h). What is y(1)?
-13
Let c(b) = -2*b + 4. Suppose 12 = -11*h + 14*h. Let j be -3 + (-5 + h - 1). Calculate c(j).
14
Let u = -11 - -7. Let k(l) = -l**2 - 5*l - 2. Let i be k(u). Let o(v) = 0 - 5 + 6*v + 4*v**i - 3*v - v**3 + 2. Determine o(4).
9
Let g(z) = -142*z + 1139. Let f be g(8). Let u(c) be the second derivative of c**3/6 - 3*c**2 - c. Calculate u(f).
-3
Let s be (2 + -4)*(-10)/4. Suppose -s*x = -12 - 8. Suppose 2*j - 2*t + 20 = x*j, -4*j = 3*t - 36. Let b(k) = k - 7. Determine b(j).
-1
Let v(h) = 3*h - 2. Let t(c) = 12*c - 8. Let b(r) = 2*t(r) - 9*v(r). Let n be b(-1). Let g(d) = -d**3 + 4*d**2 + 4*d + 2. Give g(n).
-3
Let t(m) be the third derivative of -17*m**6/120 + m**5/60 + m**4/12 + m**3/6 - m**2 + 18*m. Calculate t(-1).
17
Let k(o) = -8*o - 1. Let h = -57 - -61. Give k(h).
-33
Let l(w) be the first derivative of 2*w**3/3 - w**2/2 - 2*w + 145. Determine l(2).
4
Let a = 1 - -1. Let n(d) = -5*d**a + 10 + 12*d**2 + d**3 + 0*d + 0*d + 2*d. Determine n(-7).
-4
Suppose -29*c - 37*c + 132 = 0. Let h(m) = 4*m**2 + 3*m - 1. Calculate h(c).
21
Let t(k) = -18 + 6*k + k**2 - 4 + 8 - 5*k + 11*k. Calculate t(-12).
-14
Let b = 48 - -7. Let r = b + -52. Let l(z) = z**2 - z - 4. Calculate l(r).
2
Let b(l) = 4 - 558*l + 540*l - 5. Calculate b(-1).
17
Let f(v) = -v**2 - 5*v + 2. Suppose -6*g + 211 = 1. Suppose -21*b - g = -14*b. Calculate f(b).
2
Let t be (-35)/84*(-11)/(-5) - -1. Let a(c) be the third derivative of -t*c**4 - c**2 + 0*c + 0 - 1/3*c**3. Determine a(-5).
8
Let a(d) be the first derivative of 2*d + 4*d**2 - d**2 - 1 - 4*d**2. Suppose -2*t + 4 = 5*h, 4 = -6*t + 8*t + 3*h. Determine a(t).
-2
Let w(t) be the third derivative of 1/8*t**4 + 0 + 0*t - 4*t**2 - 1/2*t**3. Calculate w(-3).
-12
Let m(j) = 2*j + 17*j**2 - 5 - j**2 - 10*j - 7*j**2 - 8*j**2. Give m(8).
-5
Let i be 8/(-176)*11*(1 + -1). Let c(l) = -l**3 + l**2 + 25. Calculate c(i).
25
Let l(g) = -2*g**3 + 21*g**2 - 28*g + 28. Let d(h) = h**3 - 10*h**2 + 14*h - 15. Let c(x) = 7*d(x) + 4*l(x). Calculate c(13).
-6
Let n = 17 - 10. Suppose -4*k = -n*k. Let p = 3 - k. Let i(b) = -b**3 + 5*b**2 - 2*b + 1. Determine i(p).
13
Let b(t) = -t**3 + 8*t**2 - 10*t + 9. Let o(h) = h**3 - 15*h**2 + 3*h - 36. Let z be o(15). Suppose 2*w - 5 = 3*y, 8*w - z*w + y = -4. Give b(w).
-12
Let i(n) = -6*n**2 - 6*n - 2. Let p(t) = -t**3 - 1. Let g(f) = -i(f) - p(f). Let j be 18/(-2) + (3 - -1). Give g(j).
-2
Let w(f) be the third derivative of 1/3*f**3 + 0 + 1/24*f**4 + 1/30*f**5 + 3*f**2 + 0*f. Give w(3).
23
Let o = 414 + -409. Let m(x) = -x**2 + 7*x. Give m(o).
10
Let s(u) = -5*u**2 + 10*u + 26. Let z(a) = 12*a**2 - 19*a - 52. Let t(r) = 5*s(r) + 2*z(r). Determine t(14).
-2
Suppose -o + 1 = 0, 3*i + o = 2 - 1. Suppose 4*d + 2*f - 14 = 0, -5*d = 2*f - i*f - 16. Let q(k) = d + 3 + 5 - 7 - k. Calculate q(0).
3
Suppose 4*w + 0*w - 36 = 0. Suppose 5*n - w = 6. Let m(y) = 5*y - 2 + 3*y**2 - 3*y**2 + y**2 + n. What is m(-5)?
1
Let i(v) = v + 20. Let o be i(-30). Let a(k) = -2*k - 19. What is a(o)?
1
Let s(v) = -7 + 12*v - 30*v**2 - 27*v**2 + 97*v**2 - 21*v**2 - 21*v**2. Determine s(5).
3
Let v = -8379 - -8382. Let b(j) be the second derivative of j**3/2 - 2*j**2 - j. Calculate b(v).
5
Let y(v) = -v**3 + 3*v**2 - 3*v + 2. Let q be y(2). Let u(g) = 6*g - 9*g**2 - 10 + 8*g**2 + 2 + q. Calculate u(6).
-8
Let d(l) = 1 + 3*l - 4*l - l - 3*l**2 + l**2 - l. What is d(2)?
-13
Let s(x) = 7*x**2 - x - 12. Let a(l) = 2 - 2*l**2 - l - 3 + 6*l**2 - 5. Let r(f) = 5*a(f) - 3*s(f). Let p(y) be the first derivative of r(y). Determine p(2).
-6
Let j = 195 + -137. Let q be j/(-10) - 10/50. Let m(x) = -x**3 - 7*x**2 - 5*x + 3. Calculate m(q).
-3
Let y = -386 + 398. Let g(h) = h**3 - 11*h**2 - 11*h - 4. Determine g(y).
8
Let n(o) = o**3 - 7*o**2 + 7*o - 5. Suppose -5*s + 3*s + 8 = 0. Suppose -s*b + 17 = -0*b + v, v - 2 = -b. Let f = b - -1. Calculate n(f).
1
Let q(i) = -41*i + i**3 - 10 - 35*i + 11*i**2 + 75*i. Suppose -j = -5*c + 6, 6*j - 4*j - c = -21. Let a be q(j). Let x(y) = -y**3 - y + 1. Calculate x(a).
-1
Let m(u) = u - 8. Let z be m(8). Let g(w) = 6 - 10 + w + z. Give g(4).
0
Let c(r) be the second derivative of -r**3/3 + 4*r**2 + 60*r. Determine c(-6).
20
Let t(u) = u**3 - 7*u**2 + 3*u - 8. Let p(x) = x**3 + 13*x**2 - 16*x - 11. Let i be p(-14). Suppose 5*d - i = -h, 0 = -h + 3*d - 0*d + 1. Determine t(h).
13
Let f(t) = 4*t. Let l(q) = q + 4. Suppose j = -4*z, -2*z - 2*z = 3*j. Let m be l(z). Give f(m).
16
Suppose -6*c + 32 + 10 = 0. Let l(z) = 0*z + 2 + c*z - 1 - 2*z. Give l(3).
16
Suppose -12*z + 9*z = 0. Suppose -6*s - 19 + 1 = z. Let b(h) = -h**3 - 4*h**2 - h + 3. Calculate b(s).
-3
Let w(a) be the third derivative of -a**6/120 + a**5/12 + 3*a**4/8 - 7*a**3/6 + 5*a**2 - 6. Calculate w(6).
11
Let o(n) = n - 2. Suppose 2*b = 6 + 12. Calculate o(b).
7
Let u(o) = 2*o**3 - 3*o**2. Let n be 4/(-10) + 32/5. Let b be 6/(4*n/8). Determine u(b).
4
Suppose 24 = -2*x - 2*x. Let r be x/2 + 3 + -6 + 4. Let f(v) = -v**3 - 2*v**2 + 3*v + 3. Give f(r).
-3
Let d(q) = -q**2 + q + 1. Let o(l) = 20*l + 7*l**2 + l**3 + 12*l**2 + 0*l + 0*l**3 + 36. Let g be o(-18). What is d(g)?
1
Suppose 8 = 489*u - 490*u. Let i(o) = -o**2 - 11*o - 9. What is i(u)?
15
Let i(u) be the second derivative of u**4/12 + 3*u**3/2 - 7*u**2 + 3*u + 24. What is i(-11)?
8
Let j(c) = c**2 + 6*c. Let m(s) = 28*s**2 + 114*s + 3. Let z be m(-4). What is j(z)?
-5
Let x be (-12 + 2)*4/(-8). Suppose 0*f + x*f = 10. Let r(o) = 2*o**2 + o - 1. Determine r(f).
9
Let b(f) be the first derivative of f**4/4 - 8*f**3/3 - 2*f**2 - 13*f - 414. What is b(9)?
32
Let c(p) = -p**3 + 19*p**2 - 18*p. Let r = -59 + 77. Let f be c(r). Let x(d) = -d - 17. Determine x(f).
-17
Let d be 2 - 8/(-13 + 5). Let u(f) be the third derivative of -f**5/40 + f**4/12 + f**3/6 + 2*f**2. Let j(k) be the first derivative of u(k). Determine j(d).
-7
Let a be -4*(1/(-2) + -1). Suppose -3*y + 6 = 4*g - y, 3*y = g - 12. Let i(b) = -b**2 - 4 + 16*b**3 + 7*b - 6*b**2 - 32*b**